a prime number?
True
Is 79385 a prime number?
False
Is 581 composite?
True
Is 38579 prime?
False
Is 11777 a prime number?
True
Is 42989 composite?
False
Is 1523 prime?
True
Is 1379333 a composite number?
True
Is 3349 prime?
False
Is 121 a prime number?
False
Is 2265143 a composite number?
False
Is 3227417 prime?
True
Is 24197 composite?
False
Is 77797 prime?
True
Is 386817 a composite number?
True
Is 429707 a composite number?
True
Is 206279 a composite number?
False
Is 51787 prime?
True
Is 19937 composite?
False
Is 10583 a prime number?
False
Is 11197 prime?
True
Is 407 prime?
False
Is 672751 composite?
True
Is 84377 a prime number?
True
Is 228809 prime?
False
Is 1512361 a prime number?
True
Is 20219 a prime number?
True
Is 614219 prime?
True
Is 23237 a prime number?
False
Is 488861 prime?
True
Is 3377 composite?
True
Is 41889 composite?
True
Is 138863 composite?
False
Is 99089 a composite number?
False
Is 15053 a composite number?
False
Is 347 a composite number?
False
Is 14951 prime?
True
Is 1454 composite?
True
Is 8501 prime?
True
Is 8633 composite?
True
Is 6521 a composite number?
False
Is 4537 composite?
True
Is 19667 composite?
True
Is 132377 composite?
True
Is 5261 prime?
True
Is 16427 a composite number?
False
Is 151591 composite?
True
Is 918371 composite?
False
Is 21647 composite?
False
Is 7819 composite?
True
Is 117085 a prime number?
False
Is 403537 composite?
False
Is 235661 prime?
True
Is 127613 a composite number?
True
Is 2161 a composite number?
False
Is 232822 composite?
True
Is 63442 prime?
False
Is 729449 a composite number?
True
Is 4327 prime?
True
Is 75283 composite?
True
Is 129539 prime?
True
Is 358069 a composite number?
False
Is 19331 a prime number?
False
Is 4201 a prime number?
True
Is 1733 prime?
True
Is 125393 composite?
True
Is 2609 composite?
False
Is 2721 a composite number?
True
Is 7989 a composite number?
True
Is 80051 prime?
True
Is 1259 a composite number?
False
Is 19661 prime?
True
Is 5045 a composite number?
True
Is 8737 a prime number?
True
Is 9257 composite?
False
Is 166909 a composite number?
False
Is 38489 a prime number?
False
Is 105169 prime?
False
Is 59093 prime?
True
Is 55139 a prime number?
False
Is 568219 a prime number?
False
Is 9059 a prime number?
True
Is 365529 prime?
False
Is 33559 a composite number?
True
Is 20993 composite?
True
Is 10643 prime?
False
Is 8563 composite?
False
Is 521429 a prime number?
True
Is 2227 a composite number?
True
Is 918226 composite?
True
Is 84629 a prime number?
True
Is 161513 a prime number?
False
Is 355307 a composite number?
False
Is 41399 a prime number?
True
Is 22051 composite?
False
Is 2369 composite?
True
Is 3323003 prime?
True
Is 1971637 composite?
False
Is 8561 prime?
False
Is 459593 composite?
False
Is 2351587 a composite number?
True
Is 14513 a composite number?
True
Is 3333419 prime?
True
Is 1571 composite?
False
Is 21085 a prime number?
False
Is 35089 a prime number?
True
Is 15727 prime?
True
Is 44567 a prime number?
False
Is 11113 a prime number?
True
Is 190195 a prime number?
False
Is 289759 a prime number?
True
Is 302831 a composite number?
False
Is 24709 prime?
True
Is 2479 prime?
False
Is 640767 prime?
False
Is 11273 a prime number?
True
Is 145351 composite?
True
Is 1306661 a composite number?
False
Is 31121 prime?
True
Is 1973 a composite number?
False
Is 225947 a prime number?
False
Is 15559 prime?
True
Is 3163 a prime number?
True
Is 445 composite?
True
Is 366974 composite?
True
Is 11113 prime?
True
Is 60011 prime?
False
Is 2315017 composite?
True
Is 30269 a composite number?
False
Is 28802 composite?
True
Is 25147 prime?
True
Is 800587 a prime number?
True
Is 3497267 a prime number?
True
Is 9257 prime?
True
Is 116239 composite?
False
Is 14603311 a prime number?
True
Is 328411 prime?
True
Is 77339 composite?
False
Is 669199 a prime number?
False
Is 782123 composite?
False
Is 38219 composite?
False
Is 2099 prime?
True
Is 13751 composite?
False
Is 18355 composite?
True
Is 18167 a composite number?
True
Is 4751 a prime number?
True
Is 533 a composite number?
True
Is 5407 composite?
False
Is 87254 a composite number?
True
Is 113063 a composite number?
False
Is 853 a prime number?
True
Is 1531 a composite number?
False
Is 28159 composite?
True
Is 36989 composite?
True
Is 71342 prime?
False
Is 5180923 prime?
False
Is 29941 composite?
True
Is 2939 a prime number?
True
Is 1208829 prime?
False
Is 31814 a composite number?
True
Is 807241 a prime number?
True
Is 10711 a prime number?
True
Is 1430857 prime?
True
Is 616163 a composite number?
True
Is 3847 prime?
True
Is 2498183 a composite number?
False
Is 66223 prime?
False
Is 163745 a prime number?
False
Is 24071 composite?
False
Is 35363 a prime number?
True
Is 14699 composite?
False
Is 268683 a composite number?
True
Is 112481 a prime number?
True
Is 8279 prime?
False
Is 12689 a prime number?
True
Is 44011 a composite number?
True
Is 27179 a composite number?
False
Is 150617 a prime number?
True
Is 85114 prime?
False
Is 1066721 a prime number?
True
Is 1010371 composite?
True
Is 83831 a composite number?
True
Is 220501 composite?
True
Is 116947 composite?
True
Is 1727 composite?
True
Is 2659439 a composite number?
False
Is 60301 a prime number?
False
Is 312833 composite?
True
Is 29069 composite?
True
Is 90591 composite?
True
Is 721843 composite?
False
Is 4907 prime?
False
Is 50969 composite?
False
Is 164258 prime?
False
Is 107689 a composite number?
True
Is 29243 composite?
False
Is 814631 prime?
True
Is 1282049 composite?
True
Is 1670399 prime?
True
Is 528091 a composite number?
False
Is 3299 a prime number?
True
Is 2209 prime?
False
Is 51851 composite?
True
Is 7331 a prime number?
True
Is 5155 a composite number?
True
Is 4049 prime?
True
Is 1316071 prime?
True
Is 23794 a prime number?
False
Is 387317 a composite number?
True
Is 24143 prime?
False
Is 887527 prime?
False
Is 5458 composite?
True
Is 212969 prime?
True
Is 102173 a prime number?
False
Is 578729 prime?
True
Is 437846 a prime number?
False
Is 29917 prime?
True
Is 65323 a prime number?
True
Is 36973 a composite number?
False
Is 7283 prime?
True
Is 2479 composite?
True
Is 1201367 a prime number?
False
Is 3262579 composite?
False
Is 1179173 prime?
True
Is 2095 a prime number?
False
Is 36691 a composite number?
False
Is 1010069 prime?
True
Is 38501 prime?
True
Is 46471 prime?
True
Is 412349 composite?
True
Is 7969 a composite number?
True
Is 74743 a composite number?
True
Is 1044679 prime?
False
Is 5333 composite?
False
Is 3183 a prime number?
False
Is 294547 prime?
False
Is 353099 prime?
True
Is 2253 a prime number?
False
Is 1134213 a composite number?
True
Is 8657 a composite number?
True
Is 12794 prime?
False
Is 7377 composite?
True
Is 8851 composite?
True
Is 497563 composite?
True
Is 6997 prime?
True
Is 14138 prime?
False
Is 6457 a prime number?
False
Is 7377 composite?
True
Is 275635 a prime number?
False
Is 46399 a prime number?
True
Is 2609 a prime number?
True
Is 375311 prime?
True
Is 6667 prime?
False
Is 3518 composite?
True
Is 742817 a prime number?
True
Is 1073 a prime number?
False
Is 38138 prime?
False
Is 3697 a prime number?
True
Is 26443 a prime number?
False
Is 18742 composite?
True
Is 1924869 a prime number?
False
Is 8927 a composite number?
True
Is 151631 prime?
True
Is 1610769 prime?
False
Is 813203 a prime number?
True
Is 88273 composite?
True
Is 69371 prime?
True
Is 4749 composite?
True
Is 210523 a composite number?
False
Is 16249 composite?
False
Is 6247 a composite number?
False
Is 374533 a prime number?
False
Is 88211 a prime number?
True
Is 636697 a prime number?
True
Is 22141 prime?
False
Is 439217 prime?
True
Is 306055 composite?
True
Is 22529 prime?
False
Is 714139 composite?
False
Is 123771 a composite number?
True
Is 32093 prime?
False
Is 112069 a prime number?
True
Is 1343869 a composite number?
True
Is 1520063 a composite number?
True
Is 396411 a composite number?
True
Is 9166 a composite number?
True
Is 826743 a composite number?
True
Is 3643727 a prime number?
False
Is 1871387 a composite number?
True
Is 44047 composite?
True
Is 564595 composite?
True
Is 70442 a composite number?
True
Is 921 prime?
False
Is 190201 prime?
False
Is 319 a prime number?
False
Is 37187 composite?
True
Is 390799 a composite number?